{"id":11773,"date":"2026-03-31T11:15:57","date_gmt":"2026-03-31T09:15:57","guid":{"rendered":"https:\/\/espacefemmes.org\/?post_type=activite&#038;p=11773"},"modified":"2026-03-31T11:15:57","modified_gmt":"2026-03-31T09:15:57","slug":"afro-latin-fit-franzoesisch","status":"publish","type":"activite","link":"https:\/\/espacefemmes.org\/de\/activite\/afro-latin-fit-franzoesisch\/","title":{"rendered":"Afro-Latin fit &#8211; Franz\u00f6sisch"},"content":{"rendered":"\n<p>Un mix dynamique de danse et de fitness pour \u00eatre bien dans votre peau, vous muscler et oser exprimer votre sensualit\u00e9 avec joie.<\/p>\n\n\n\n<p>Inscription pour un trimestre.<\/p>\n\n\n\n<figure class=\"wp-block-image size-large is-resized\"><img decoding=\"async\" src=\"http:\/\/espacefemmes.org\/wp-content\/uploads\/2022\/06\/afro-latine-fit-300x277.jpg\" alt=\"\" style=\"width:385px;height:auto\"\/><figcaption class=\"wp-element-caption\">.<\/figcaption><\/figure>\n\n\n\n<div class=\"wp-block-buttons is-layout-flex wp-block-buttons-is-layout-flex\">\n<div class=\"wp-block-button\"><a class=\"wp-block-button__link wp-element-button\" href=\"https:\/\/espacefemmes.org\/wp-content\/uploads\/2026\/03\/2026_afro_Tri3.pdf\" target=\"_blank\" rel=\"noreferrer noopener\">Flyer<\/a><\/div>\n<\/div>\n\n\n\n<div style=\"height:50px\" aria-hidden=\"true\" class=\"wp-block-spacer\"><\/div>\n\n\n\n<div class=\"wp-block-gutena-accordion gutena-accordion-block gutena-accordion-block-787983-86 is-layout-flow wp-block-gutena-accordion-is-layout-flow\" data-single=\"true\">\n<div class=\"wp-block-gutena-accordion-panel gutena-accordion-block__panel\">\n<div class=\"wp-block-gutena-accordion-panel-title gutena-accordion-block__panel-title\"><div class=\"gutena-accordion-block__panel-title-inner\">\n<h2 class=\"has-text-align-left wp-block-heading\" style=\"margin-top:0px;margin-right:0px;margin-bottom:0px;margin-left:0px\">\u00dcber Gesundheit der Frauen<\/h2>\n<div class=\"trigger-up-down\"><div class=\"horizontal\"><\/div><div class=\"vertical\"><\/div><\/div><\/div><\/div>\n\n\n\n<div class=\"wp-block-gutena-accordion-panel-content gutena-accordion-block__panel-content\"><div class=\"gutena-accordion-block__panel-content-inner\">\n<p>Die Aktivit\u00e4ten zum k\u00f6rperlichen und psychischen Wohlbefinden basieren auf einem globalen Verst\u00e4ndnis der Gesundheit der Frauen und vermitteln Kenntnisse zur positiven Wahrnehmung des eigenen K\u00f6rpers in jeder Lebensphase.<\/p>\n\n\n\n<p>Die verschiedenen w\u00f6chtenlichen Kurse spornen dazu an, sich zu bewegen, sich zu st\u00e4rken und Spass zu haben. In einzelnen Ateliers erhalten die Teilnehmerinnen Informationen und Kenntnisse zu ihrer Gesundheit und ihrem Intimleben.<\/p>\n<\/div><\/div>\n<\/div>\n<\/div>\n","protected":false},"featured_media":0,"template":"","activite_theme":[19],"class_list":["post-11773","activite","type-activite","status-publish","hentry","activite_theme-gesundheit-der-frauen"],"yoast_head":"<!-- This site is optimized with the Yoast SEO plugin v27.5 - https:\/\/yoast.com\/product\/yoast-seo-wordpress\/ -->\n<title>Afro-Latin fit - Franz\u00f6sisch - espacefemmes-frauenraum<\/title>\n<meta name=\"robots\" content=\"index, follow, max-snippet:-1, max-image-preview:large, max-video-preview:-1\" \/>\n<link rel=\"canonical\" href=\"https:\/\/espacefemmes.org\/de\/activite\/afro-latin-fit-franzoesisch\/\" \/>\n<meta property=\"og:locale\" content=\"de_DE\" \/>\n<meta property=\"og:type\" content=\"article\" \/>\n<meta property=\"og:title\" content=\"Afro-Latin fit - Franz\u00f6sisch - espacefemmes-frauenraum\" \/>\n<meta property=\"og:description\" content=\"Un mix dynamique de danse et de fitness pour \u00eatre bien dans votre peau, vous muscler et oser exprimer votre sensualit\u00e9 avec joie. Inscription pour un trimestre.\" \/>\n<meta property=\"og:url\" content=\"https:\/\/espacefemmes.org\/de\/activite\/afro-latin-fit-franzoesisch\/\" \/>\n<meta property=\"og:site_name\" content=\"espacefemmes-frauenraum\" \/>\n<meta property=\"og:image\" content=\"http:\/\/espacefemmes.org\/wp-content\/uploads\/2022\/06\/afro-latine-fit-300x277.jpg\" \/>\n<meta name=\"twitter:card\" content=\"summary_large_image\" \/>\n<meta name=\"twitter:label1\" content=\"Gesch\u00e4tzte Lesezeit\" \/>\n\t<meta name=\"twitter:data1\" content=\"1\u00a0Minute\" \/>\n<script type=\"application\/ld+json\" class=\"yoast-schema-graph\">{\"@context\":\"https:\\\/\\\/schema.org\",\"@graph\":[{\"@type\":\"WebPage\",\"@id\":\"https:\\\/\\\/espacefemmes.org\\\/de\\\/activite\\\/afro-latin-fit-franzoesisch\\\/\",\"url\":\"https:\\\/\\\/espacefemmes.org\\\/de\\\/activite\\\/afro-latin-fit-franzoesisch\\\/\",\"name\":\"Afro-Latin fit - Franz\u00f6sisch - espacefemmes-frauenraum\",\"isPartOf\":{\"@id\":\"https:\\\/\\\/espacefemmes.org\\\/#website\"},\"primaryImageOfPage\":{\"@id\":\"https:\\\/\\\/espacefemmes.org\\\/de\\\/activite\\\/afro-latin-fit-franzoesisch\\\/#primaryimage\"},\"image\":{\"@id\":\"https:\\\/\\\/espacefemmes.org\\\/de\\\/activite\\\/afro-latin-fit-franzoesisch\\\/#primaryimage\"},\"thumbnailUrl\":\"http:\\\/\\\/espacefemmes.org\\\/wp-content\\\/uploads\\\/2022\\\/06\\\/afro-latine-fit-300x277.jpg\",\"datePublished\":\"2026-03-31T09:15:57+00:00\",\"breadcrumb\":{\"@id\":\"https:\\\/\\\/espacefemmes.org\\\/de\\\/activite\\\/afro-latin-fit-franzoesisch\\\/#breadcrumb\"},\"inLanguage\":\"de\",\"potentialAction\":[{\"@type\":\"ReadAction\",\"target\":[\"https:\\\/\\\/espacefemmes.org\\\/de\\\/activite\\\/afro-latin-fit-franzoesisch\\\/\"]}]},{\"@type\":\"ImageObject\",\"inLanguage\":\"de\",\"@id\":\"https:\\\/\\\/espacefemmes.org\\\/de\\\/activite\\\/afro-latin-fit-franzoesisch\\\/#primaryimage\",\"url\":\"http:\\\/\\\/espacefemmes.org\\\/wp-content\\\/uploads\\\/2022\\\/06\\\/afro-latine-fit-300x277.jpg\",\"contentUrl\":\"http:\\\/\\\/espacefemmes.org\\\/wp-content\\\/uploads\\\/2022\\\/06\\\/afro-latine-fit-300x277.jpg\"},{\"@type\":\"BreadcrumbList\",\"@id\":\"https:\\\/\\\/espacefemmes.org\\\/de\\\/activite\\\/afro-latin-fit-franzoesisch\\\/#breadcrumb\",\"itemListElement\":[{\"@type\":\"ListItem\",\"position\":1,\"name\":\"Home\",\"item\":\"https:\\\/\\\/espacefemmes.org\\\/de\\\/\"},{\"@type\":\"ListItem\",\"position\":2,\"name\":\"Afro-Latin fit &#8211; Franz\u00f6sisch\"}]},{\"@type\":\"WebSite\",\"@id\":\"https:\\\/\\\/espacefemmes.org\\\/#website\",\"url\":\"https:\\\/\\\/espacefemmes.org\\\/\",\"name\":\"espacefemmes-frauenraum\",\"description\":\"S\u2019informer, se former, s\u2019affirmer\",\"potentialAction\":[{\"@type\":\"SearchAction\",\"target\":{\"@type\":\"EntryPoint\",\"urlTemplate\":\"https:\\\/\\\/espacefemmes.org\\\/?s={search_term_string}\"},\"query-input\":{\"@type\":\"PropertyValueSpecification\",\"valueRequired\":true,\"valueName\":\"search_term_string\"}}],\"inLanguage\":\"de\"}]}<\/script>\n<!-- \/ Yoast SEO plugin. -->","yoast_head_json":{"title":"Afro-Latin fit - Franz\u00f6sisch - espacefemmes-frauenraum","robots":{"index":"index","follow":"follow","max-snippet":"max-snippet:-1","max-image-preview":"max-image-preview:large","max-video-preview":"max-video-preview:-1"},"canonical":"https:\/\/espacefemmes.org\/de\/activite\/afro-latin-fit-franzoesisch\/","og_locale":"de_DE","og_type":"article","og_title":"Afro-Latin fit - Franz\u00f6sisch - espacefemmes-frauenraum","og_description":"Un mix dynamique de danse et de fitness pour \u00eatre bien dans votre peau, vous muscler et oser exprimer votre sensualit\u00e9 avec joie. Inscription pour un trimestre.","og_url":"https:\/\/espacefemmes.org\/de\/activite\/afro-latin-fit-franzoesisch\/","og_site_name":"espacefemmes-frauenraum","og_image":[{"url":"http:\/\/espacefemmes.org\/wp-content\/uploads\/2022\/06\/afro-latine-fit-300x277.jpg","type":"","width":"","height":""}],"twitter_card":"summary_large_image","twitter_misc":{"Gesch\u00e4tzte Lesezeit":"1\u00a0Minute"},"schema":{"@context":"https:\/\/schema.org","@graph":[{"@type":"WebPage","@id":"https:\/\/espacefemmes.org\/de\/activite\/afro-latin-fit-franzoesisch\/","url":"https:\/\/espacefemmes.org\/de\/activite\/afro-latin-fit-franzoesisch\/","name":"Afro-Latin fit - Franz\u00f6sisch - espacefemmes-frauenraum","isPartOf":{"@id":"https:\/\/espacefemmes.org\/#website"},"primaryImageOfPage":{"@id":"https:\/\/espacefemmes.org\/de\/activite\/afro-latin-fit-franzoesisch\/#primaryimage"},"image":{"@id":"https:\/\/espacefemmes.org\/de\/activite\/afro-latin-fit-franzoesisch\/#primaryimage"},"thumbnailUrl":"http:\/\/espacefemmes.org\/wp-content\/uploads\/2022\/06\/afro-latine-fit-300x277.jpg","datePublished":"2026-03-31T09:15:57+00:00","breadcrumb":{"@id":"https:\/\/espacefemmes.org\/de\/activite\/afro-latin-fit-franzoesisch\/#breadcrumb"},"inLanguage":"de","potentialAction":[{"@type":"ReadAction","target":["https:\/\/espacefemmes.org\/de\/activite\/afro-latin-fit-franzoesisch\/"]}]},{"@type":"ImageObject","inLanguage":"de","@id":"https:\/\/espacefemmes.org\/de\/activite\/afro-latin-fit-franzoesisch\/#primaryimage","url":"http:\/\/espacefemmes.org\/wp-content\/uploads\/2022\/06\/afro-latine-fit-300x277.jpg","contentUrl":"http:\/\/espacefemmes.org\/wp-content\/uploads\/2022\/06\/afro-latine-fit-300x277.jpg"},{"@type":"BreadcrumbList","@id":"https:\/\/espacefemmes.org\/de\/activite\/afro-latin-fit-franzoesisch\/#breadcrumb","itemListElement":[{"@type":"ListItem","position":1,"name":"Home","item":"https:\/\/espacefemmes.org\/de\/"},{"@type":"ListItem","position":2,"name":"Afro-Latin fit &#8211; Franz\u00f6sisch"}]},{"@type":"WebSite","@id":"https:\/\/espacefemmes.org\/#website","url":"https:\/\/espacefemmes.org\/","name":"espacefemmes-frauenraum","description":"S\u2019informer, se former, s\u2019affirmer","potentialAction":[{"@type":"SearchAction","target":{"@type":"EntryPoint","urlTemplate":"https:\/\/espacefemmes.org\/?s={search_term_string}"},"query-input":{"@type":"PropertyValueSpecification","valueRequired":true,"valueName":"search_term_string"}}],"inLanguage":"de"}]}},"meta_box":{"espace_enfant_disponible":"","enfants_participants":"","interprete_sur_demande":"","delai_inscription_txt_fr":"","delai_inscription_txt_de":"","delai_inscription":"","afficher_formulaire":"","dates":[],"des_le":"","dates_groupees":"","toujours_afficher":"","jours_fr":"","jours_de":"","horaire":"","quand":[],"gratuit":"","liste_prix":[],"intervenants":"","intervenants_de":"","nombre_de_place":"","langue_parlee":[],"adresse":"","gmap_share_link":""},"_links":{"self":[{"href":"https:\/\/espacefemmes.org\/de\/wp-json\/wp\/v2\/activite\/11773","targetHints":{"allow":["GET"]}}],"collection":[{"href":"https:\/\/espacefemmes.org\/de\/wp-json\/wp\/v2\/activite"}],"about":[{"href":"https:\/\/espacefemmes.org\/de\/wp-json\/wp\/v2\/types\/activite"}],"wp:attachment":[{"href":"https:\/\/espacefemmes.org\/de\/wp-json\/wp\/v2\/media?parent=11773"}],"wp:term":[{"taxonomy":"activite_theme","embeddable":true,"href":"https:\/\/espacefemmes.org\/de\/wp-json\/wp\/v2\/activite_theme?post=11773"}],"curies":[{"name":"wp","href":"https:\/\/api.w.org\/{rel}","templated":true}]}}

Afro-Latin fit &#8211; Französisch

<p>Un mix dynamique de danse et de fitness pour être bien dans votre peau, vous muscler et oser exprimer votre sensualité avec joie.</p>



<p>Inscription pour un trimestre.</p>



<figure class="wp-block-image size-large is-resized"><img decoding="async" src="http://espacefemmes.org/wp-content/uploads/2022/06/afro-latine-fit-300x277.jpg" alt="" style="width:385px;height:auto"/><figcaption class="wp-element-caption">.</figcaption></figure>



<div class="wp-block-buttons is-layout-flex wp-block-buttons-is-layout-flex">
<div class="wp-block-button"><a class="wp-block-button__link wp-element-button" href="https://espacefemmes.org/wp-content/uploads/2026/03/2026_afro_Tri3.pdf" target="_blank" rel="noreferrer noopener">Flyer</a></div>
</div>



<div style="height:50px" aria-hidden="true" class="wp-block-spacer"></div>



<div class="wp-block-gutena-accordion gutena-accordion-block gutena-accordion-block-787983-86 is-layout-flow wp-block-gutena-accordion-is-layout-flow" data-single="true">
<div class="wp-block-gutena-accordion-panel gutena-accordion-block__panel">
<div class="wp-block-gutena-accordion-panel-title gutena-accordion-block__panel-title"><div class="gutena-accordion-block__panel-title-inner">
<h2 class="has-text-align-left wp-block-heading" style="margin-top:0px;margin-right:0px;margin-bottom:0px;margin-left:0px">Über Gesundheit der Frauen</h2>
<div class="trigger-up-down"><div class="horizontal"></div><div class="vertical"></div></div></div></div>



<div class="wp-block-gutena-accordion-panel-content gutena-accordion-block__panel-content"><div class="gutena-accordion-block__panel-content-inner">
<p>Die Aktivitäten zum körperlichen und psychischen Wohlbefinden basieren auf einem globalen Verständnis der Gesundheit der Frauen und vermitteln Kenntnisse zur positiven Wahrnehmung des eigenen Körpers in jeder Lebensphase.</p>



<p>Die verschiedenen wöchtenlichen Kurse spornen dazu an, sich zu bewegen, sich zu stärken und Spass zu haben. In einzelnen Ateliers erhalten die Teilnehmerinnen Informationen und Kenntnisse zu ihrer Gesundheit und ihrem Intimleben.</p>
</div></div>
</div>
</div>

<!-- This site is optimized with the Yoast SEO plugin v27.5 - https://yoast.com/product/yoast-seo-wordpress/ -->
<title>Afro-Latin fit - Französisch - espacefemmes-frauenraum</title>
<meta name="robots" content="index, follow, max-snippet:-1, max-image-preview:large, max-video-preview:-1" />
<link rel="canonical" href="https://espacefemmes.org/de/activite/afro-latin-fit-franzoesisch/" />
<meta property="og:locale" content="de_DE" />
<meta property="og:type" content="article" />
<meta property="og:title" content="Afro-Latin fit - Französisch - espacefemmes-frauenraum" />
<meta property="og:description" content="Un mix dynamique de danse et de fitness pour être bien dans votre peau, vous muscler et oser exprimer votre sensualité avec joie. Inscription pour un trimestre." />
<meta property="og:url" content="https://espacefemmes.org/de/activite/afro-latin-fit-franzoesisch/" />
<meta property="og:site_name" content="espacefemmes-frauenraum" />
<meta property="og:image" content="http://espacefemmes.org/wp-content/uploads/2022/06/afro-latine-fit-300x277.jpg" />
<meta name="twitter:card" content="summary_large_image" />
<meta name="twitter:label1" content="Geschätzte Lesezeit" />
	<meta name="twitter:data1" content="1 Minute" />
<script type="application/ld+json" class="yoast-schema-graph">{"@context":"https:\/\/schema.org","@graph":[{"@type":"WebPage","@id":"https:\/\/espacefemmes.org\/de\/activite\/afro-latin-fit-franzoesisch\/","url":"https:\/\/espacefemmes.org\/de\/activite\/afro-latin-fit-franzoesisch\/","name":"Afro-Latin fit - Französisch - espacefemmes-frauenraum","isPartOf":{"@id":"https:\/\/espacefemmes.org\/#website"},"primaryImageOfPage":{"@id":"https:\/\/espacefemmes.org\/de\/activite\/afro-latin-fit-franzoesisch\/#primaryimage"},"image":{"@id":"https:\/\/espacefemmes.org\/de\/activite\/afro-latin-fit-franzoesisch\/#primaryimage"},"thumbnailUrl":"http:\/\/espacefemmes.org\/wp-content\/uploads\/2022\/06\/afro-latine-fit-300x277.jpg","datePublished":"2026-03-31T09:15:57+00:00","breadcrumb":{"@id":"https:\/\/espacefemmes.org\/de\/activite\/afro-latin-fit-franzoesisch\/#breadcrumb"},"inLanguage":"de","potentialAction":[{"@type":"ReadAction","target":["https:\/\/espacefemmes.org\/de\/activite\/afro-latin-fit-franzoesisch\/"]}]},{"@type":"ImageObject","inLanguage":"de","@id":"https:\/\/espacefemmes.org\/de\/activite\/afro-latin-fit-franzoesisch\/#primaryimage","url":"http:\/\/espacefemmes.org\/wp-content\/uploads\/2022\/06\/afro-latine-fit-300x277.jpg","contentUrl":"http:\/\/espacefemmes.org\/wp-content\/uploads\/2022\/06\/afro-latine-fit-300x277.jpg"},{"@type":"BreadcrumbList","@id":"https:\/\/espacefemmes.org\/de\/activite\/afro-latin-fit-franzoesisch\/#breadcrumb","itemListElement":[{"@type":"ListItem","position":1,"name":"Home","item":"https:\/\/espacefemmes.org\/de\/"},{"@type":"ListItem","position":2,"name":"Afro-Latin fit &#8211; Französisch"}]},{"@type":"WebSite","@id":"https:\/\/espacefemmes.org\/#website","url":"https:\/\/espacefemmes.org\/","name":"espacefemmes-frauenraum","description":"S’informer, se former, s’affirmer","potentialAction":[{"@type":"SearchAction","target":{"@type":"EntryPoint","urlTemplate":"https:\/\/espacefemmes.org\/?s={search_term_string}"},"query-input":{"@type":"PropertyValueSpecification","valueRequired":true,"valueName":"search_term_string"}}],"inLanguage":"de"}]}</script>
<!-- / Yoast SEO plugin. -->

Afro-Latin fit - Französisch - espacefemmes-frauenraum

Un mix dynamique de danse et de fitness pour être bien dans votre peau, vous muscler et oser exprimer votre sensualité avec joie. Inscription pour un trimestre.
